?
False
Is 1498367137 composite?
False
Is 7387366579 a prime number?
True
Is 14524335197 a prime number?
False
Is 4747447433 prime?
True
Is 95538610129 composite?
False
Is 11134321559 a prime number?
True
Is 51376141213 prime?
False
Is 10018813627 prime?
False
Is 565937959 composite?
False
Is 2465640449 a prime number?
True
Is 59909238527 prime?
True
Is 17292666113 a composite number?
True
Is 13826500055 a composite number?
True
Is 12610395997 prime?
True
Is 488129401 prime?
True
Is 8943035707 a prime number?
False
Is 21305906287 a composite number?
False
Is 43827267563 a prime number?
True
Is 9382121741 a prime number?
False
Is 4416679087 composite?
True
Is 2495850857 a composite number?
True
Is 546709091 a composite number?
False
Is 29686886959 a composite number?
True
Is 1793057087 prime?
True
Is 428315999 prime?
False
Is 4219496083 composite?
True
Is 9609052911 composite?
True
Is 13656772033 composite?
True
Is 2296306471 composite?
True
Is 293932943 a composite number?
True
Is 2204457391 prime?
True
Is 42330595531 a prime number?
False
Is 357419873 a prime number?
False
Is 42360617479 a composite number?
False
Is 5787615509 a composite number?
True
Is 6000298571 a prime number?
False
Is 146999479 a prime number?
False
Is 16448473 a prime number?
False
Is 2832719755 a composite number?
True
Is 56472424703 composite?
False
Is 143390309 a prime number?
True
Is 881928413 composite?
False
Is 33439351487 prime?
True
Is 713323301 a composite number?
False
Is 32594941569 composite?
True
Is 37374617669 prime?
False
Is 760823819 composite?
True
Is 3238417453 a prime number?
False
Is 52003603273 prime?
True
Is 3273436709 composite?
False
Is 885896629 composite?
True
Is 416722469 prime?
True
Is 1751829461 prime?
True
Is 88300361689 composite?
True
Is 1129372583 a composite number?
False
Is 7438984853 prime?
True
Is 1008080849 a composite number?
False
Is 1350317929 a composite number?
False
Is 10190113993 prime?
False
Is 8991823487 a composite number?
True
Is 19463703811 prime?
True
Is 2504765623 a composite number?
True
Is 48880458191 a prime number?
True
Is 114356602309 a composite number?
False
Is 21885038567 prime?
False
Is 108209897 a composite number?
False
Is 1958866823 prime?
True
Is 382297843 composite?
False
Is 6352476127 prime?
True
Is 4466766686 a composite number?
True
Is 8593182937 prime?
False
Is 146837913613 composite?
False
Is 537145559 a composite number?
False
Is 530593781 composite?
False
Is 4946110751 a composite number?
False
Is 6823351453 a prime number?
True
Is 3215448881 prime?
True
Is 1509547439 a composite number?
True
Is 1221508201 composite?
True
Is 10841755213 prime?
True
Is 11041129681 composite?
True
Is 193769027 prime?
False
Is 997684777 a composite number?
True
Is 173976668827 a composite number?
True
Is 164638547 composite?
False
Is 224262217 a prime number?
False
Is 527595359 a prime number?
False
Is 11899827293 prime?
True
Is 3038949677 a prime number?
True
Is 2584902891 a prime number?
False
Is 11510046277 a composite number?
False
Is 57683441 a prime number?
True
Is 1117320389 prime?
True
Is 128196989 a prime number?
True
Is 1828256699 prime?
False
Is 276291943 composite?
False
Is 13486097341 composite?
True
Is 1695548957 prime?
False
Is 1112821883 composite?
False
Is 614821057 a composite number?
True
Is 1986487003 prime?
False
Is 2100295007 a prime number?
True
Is 495895681 prime?
True
Is 10755071891 prime?
False
Is 2926201301 prime?
False
Is 126279721 composite?
False
Is 2782483741 prime?
True
Is 1013192987 composite?
True
Is 1704480083 a composite number?
False
Is 112108733 prime?
False
Is 1608895037 prime?
False
Is 7469558933 composite?
False
Is 169647889 composite?
False
Is 668748547 a prime number?
False
Is 1973615551 prime?
True
Is 49503853309 composite?
False
Is 936915341 a composite number?
False
Is 7632425861 a composite number?
True
Is 1322835451 prime?
False
Is 5465316127 a composite number?
True
Is 214663137911 a composite number?
False
Is 9735658003 a prime number?
False
Is 2801591441 prime?
False
Is 7012413843 prime?
False
Is 1697712085 prime?
False
Is 38368411 prime?
False
Is 271750721 a composite number?
True
Is 26799951067 a composite number?
False
Is 20347620299 a composite number?
False
Is 377134091 a composite number?
False
Is 76125868241 a prime number?
False
Is 2616415762 a composite number?
True
Is 3295212643 a prime number?
False
Is 323159521 a composite number?
False
Is 5683865587 prime?
True
Is 387623939 a prime number?
False
Is 399122671 composite?
False
Is 16552799999 a prime number?
False
Is 494261359 a composite number?
True
Is 179631202589 composite?
True
Is 3978773837 composite?
False
Is 67027455151 composite?
False
Is 5795449721 a composite number?
True
Is 303980333 a composite number?
True
Is 6094433987 a composite number?
False
Is 536237593 a composite number?
False
Is 278902289 a prime number?
False
Is 95305171807 prime?
True
Is 112522825693 composite?
False
Is 6538195705 a prime number?
False
Is 877524981 a composite number?
True
Is 9698133703 a composite number?
False
Is 31662356441 a composite number?
True
Is 2721832777 prime?
True
Is 23252725901 prime?
False
Is 2022108717 a prime number?
False
Is 2738340767 a composite number?
False
Is 434291833 composite?
False
Is 373498753 prime?
False
Is 1221599903 a composite number?
True
Is 55023901 a composite number?
False
Is 101146316903 a prime number?
True
Is 99706698197 composite?
False
Is 155210367817 a prime number?
True
Is 545353167 a composite number?
True
Is 975470231 composite?
False
Is 17378371 prime?
False
Is 247389397 prime?
True
Is 4167851293 a composite number?
False
Is 16131923131 prime?
True
Is 17857141 a prime number?
False
Is 153230929 a composite number?
True
Is 968421953 a composite number?
True
Is 629859649 prime?
True
Is 30353490067 a prime number?
False
Is 140359934323 composite?
True
Is 7633486715 prime?
False
Is 2269340419 a composite number?
False
Is 2736185941 composite?
False
Is 1010358563 a composite number?
False
Is 593212853 a composite number?
True
Is 557766197 a composite number?
False
Is 14935077583 a prime number?
False
Is 5727057241 composite?
True
Is 424546517 a prime number?
True
Is 13118244835 prime?
False
Is 848345233 a prime number?
True
Is 40461532031 prime?
True
Is 461508629 a composite number?
False
Is 365339251 a composite number?
True
Is 65493017243 prime?
False
Is 3704778457 a composite number?
True
Is 100001783887 a prime number?
True
Is 14082728683 a composite number?
False
Is 246159689455 a prime number?
False
Is 2717274047 prime?
True
Is 163887503 composite?
True
Is 6122412841 a composite number?
True
Is 32521729 a composite number?
False
Is 602590321 a composite number?
True
Is 2909742601 prime?
True
Is 12965274703 a composite number?
True
Is 5319958703 a prime number?
True
Is 33781057763 composite?
False
Is 37905361609 a prime number?
True
Is 17098855205 a prime number?
False
Is 5045027051 composite?
False
Is 16758953909 prime?
False
Is 54733141 a composite number?
False
Is 240214617163 prime?
True
Is 7291122847 composite?
True
Is 4006440409 a prime number?
False
Is 3565397833 composite?
False
Is 5037353837 a prime number?
True
Is 357531523 prime?
True
Is 9219700187 composite?
False
Is 18266808451 a prime number?
False
Is 539318617 a prime number?
True
Is 3028154501 prime?
False
Is 29296123073 composite?
True
Is 8912624771 a composite number?
True
Is 21688866943 a prime number?
True
Is 5339043181 composite?
False
Is 30163343 composite?
True
Is 3601397603 a composite number?
False
Is 25551682981 prime?
False
Is 14933984557 a composite number?
False
Is 2208110731 prime?
True
Is 5944774361 a prime number?
True
Is 4327658123 prime?
True
Is 8398837747 composite?
True
Is 2840450531 composite?
True
Is 8916118073 composite?
False
Is 19313560517 a prime number?
True
Is 23693977763 prime?
True
Is 116677709 a composite number?
True
Is 179623919 a composite number?
False
Is 733433873 a prime number?
False
Is 666226373 a composite number?
False
Is 2822480333 prime?
False
Is 311023591 a prime number?
False
Is 42433583321 a prime number?
False
Is 3206995349 composite?
True
Is 39565688311 a composite number?
True
Is 5758186101 a prime number?
False
Is 197238906043 prime?
False
Is 572191187